mmon factor of 196988 and 208967?
1331
What is the highest common factor of 77197 and 7531?
17
What is the greatest common factor of 88 and 42772664?
88
Calculate the greatest common factor of 18432 and 2854080.
576
What is the highest common divisor of 1134720 and 60085?
985
What is the highest common factor of 908203 and 1161?
43
What is the greatest common divisor of 67004901 and 61?
61
What is the highest common divisor of 73 and 3274204760?
73
Calculate the highest common divisor of 663 and 863906.
17
Calculate the greatest common factor of 962507985 and 285.
285
Calculate the highest common divisor of 4433 and 58900.
31
What is the greatest common factor of 335 and 518647?
67
What is the greatest common divisor of 9978746 and 158326?
526
Calculate the highest common divisor of 58 and 158608.
2
Calculate the highest common divisor of 99 and 50888079.
99
Calculate the greatest common factor of 23408 and 6586160.
2128
What is the greatest common divisor of 9695740 and 20?
20
What is the greatest common factor of 942 and 234050262?
942
What is the highest common factor of 6013036 and 119?
17
Calculate the highest common factor of 1526 and 132006.
14
Calculate the greatest common factor of 2178459 and 30471024.
13701
What is the greatest common divisor of 950 and 87798050?
950
What is the highest common factor of 35 and 168700735?
35
Calculate the greatest common divisor of 351438 and 2118.
6
What is the greatest common divisor of 18084 and 16797981?
411
Calculate the highest common factor of 14148 and 329283.
9
What is the greatest common factor of 38 and 1474375927?
19
What is the highest common divisor of 550875 and 61500?
375
What is the greatest common factor of 211836 and 3684?
12
Calculate the highest common divisor of 54 and 195855300.
54
What is the greatest common divisor of 2313 and 5643977?
257
What is the highest common factor of 2710304 and 224?
32
What is the greatest common factor of 736 and 19752896?
32
Calculate the greatest common factor of 30329670 and 10.
10
What is the highest common divisor of 495 and 508289815?
55
Calculate the highest common factor of 1949124 and 60.
12
What is the greatest common factor of 514096357 and 789?
263
What is the greatest common factor of 351 and 4792866?
39
Calculate the highest common divisor of 24 and 59942412.
12
What is the highest common factor of 13108 and 11337064?
452
Calculate the highest common divisor of 82 and 8189299.
41
Calculate the greatest common divisor of 196670 and 1065.
355
What is the highest common factor of 18493246 and 1700?
34
Calculate the highest common divisor of 52 and 96497258.
26
Calculate the greatest common divisor of 1002 and 23887012.
334
Calculate the highest common divisor of 5149865 and 10.
5
What is the greatest common divisor of 1097 and 20060839?
1097
Calculate the highest common divisor of 34008 and 2146560.
312
Calculate the greatest common factor of 9800 and 17010.
70
Calculate the highest common divisor of 330 and 3665145.
165
Calculate the greatest common divisor of 850 and 39255346.
34
Calculate the greatest common divisor of 29540 and 32461928.
844
Calculate the highest common divisor of 19832615 and 990.
55
What is the highest common factor of 125925597 and 95?
19
What is the highest common divisor of 123801156 and 36?
36
What is the greatest common factor of 1651352 and 24?
8
Calculate the highest common factor of 7847 and 201125336.
1121
Calculate the highest common factor of 110509633 and 39.
13
Calculate the highest common divisor of 21136275 and 5973.
543
What is the greatest common factor of 1631 and 64427762?
1631
Calculate the highest common divisor of 1576022 and 217.
7
Calculate the greatest common divisor of 7838255 and 53320.
215
What is the highest common factor of 3983338 and 212194?
2686
What is the greatest common factor of 133036 and 6478?
158
Calculate the highest common factor of 90 and 73453980.
30
Calculate the highest common factor of 1233 and 11312388.
9
What is the greatest common factor of 53352 and 23244?
156
What is the greatest common factor of 7243080 and 72?
24
What is the highest common divisor of 400564 and 280108?
956
Calculate the greatest common divisor of 6463832 and 14059.
827
What is the greatest common factor of 9968941 and 278?
139
What is the greatest common divisor of 20595656 and 496?
248
Calculate the greatest common factor of 9550 and 176200.
50
What is the highest common factor of 506126215 and 7?
7
What is the highest common divisor of 2709562 and 4760?
34
What is the greatest common factor of 66 and 132462880?
22
Calculate the greatest common divisor of 2487 and 16152236.
829
Calculate the greatest common divisor of 125860481 and 1249.
1249
Calculate the greatest common factor of 458961 and 14337.
177
Calculate the greatest common factor of 3216 and 8232089.
67
Calculate the greatest common factor of 11229 and 1273.
19
What is the highest common factor of 774424 and 64?
8
What is the greatest common divisor of 10923 and 92103?
33
What is the highest common divisor of 91 and 6643364?
91
What is the greatest common factor of 4507508 and 77632?
4852
What is the greatest common divisor of 171 and 723634?
19
What is the highest common factor of 34800 and 881832?
696
Calculate the greatest common factor of 4015897 and 11058.
1843
Calculate the greatest common factor of 67072852 and 224.
28
What is the highest common factor of 153583276 and 308?
308
What is the greatest common factor of 3353 and 2208396449?
3353
Calculate the highest common divisor of 158032 and 396592.
112
What is the greatest common divisor of 6912 and 662912?
128
What is the highest common divisor of 284 and 39393782?
142
Calculate the greatest common divisor of 8552010 and 90.
30
What is the highest common factor of 22197869 and 1289?
1289
Calculate the greatest common divisor of 2353 and 1690117.
13
Calculate the highest common factor of 294 and 198012626.
98
What is the greatest common divisor of 2063039 and 253?
11
Calculate the highest common divisor of 63841248 and 216.
72
What is the greatest common divisor of 8 and 52183704?
8
Calculate the greatest common factor of 1311 and 2758827.
69
What is the highest common divisor of 16472755 and 5?
5
Calculate the greatest common factor of 14430130 and 11.
11
Calculate the highest common divisor of 1630 and 16635454.
326
What is the highest common factor of 8296 and 3794932?
244
Calculate the greatest common factor of 1971 and 26577.
9
Calculate the greatest common divisor of 434 and 4589459.
7
What is the highest common factor of 2240 and 9146048?
64
What is the greatest common divisor of 776 and 3087534832?
776
Calculate the highest common divisor of 21089236 and 168.
28
Calculate the highest common factor of 1341 and 1818247.
149
What is the greatest common factor of 169878007 and 65?
13
What is the greatest common divisor of 4109 and 6377?
7
What is the greatest common factor of 41 and 1932584?
1
What is the greatest common divisor of 6360 and 1416569160?
6360
Calculate the highest common divisor of 21054 and 177729156.
726
What is the highest common divisor of 35178287 and 629?
17
Calculate the highest common factor of 182 and 455730002.
182
Calculate the highest common factor of 7262064 and 777888.
5328
Calculate the highest common factor of 1418 and 1006.
2
Calculate the highest common divisor of 32556468 and 36.
12
Calculate the highest common factor of 26848 and 150983084.
3356
What is the greatest common divisor of 1094506 and 8?
2
Calculate the greatest common factor of 2730 and 19661070.
390
What is the greatest common divisor of 996 and 2000?
4
What is the highest common divisor of 1647803 and 63554?
43
What is the highest common factor of 2406 and 38492391?
1203
Calculate the greatest common factor of 26 and 1082817203.
13
Calculate the highest common factor of 75 and 171911150.
25
What is the greatest common factor of 28676 and 996960?
268
Calculate the highest common factor of 249 and 1948278339.
249
Calculate the highest common factor of 83080 and 6008.
8
What is the highest common factor of 606 and 2884110954?
606
Calculate the greatest common factor of 2092530 and 178755.
255
Calculate the greatest common divisor of 39175 and 5050.
25
What is the greatest c